{"id":19,"date":"2020-07-16T14:28:30","date_gmt":"2020-07-16T12:28:30","guid":{"rendered":"http:\/\/www.bauhandwerk.cz\/domains\/bauhandwerk.cz\/?page_id=19"},"modified":"2020-10-02T11:48:14","modified_gmt":"2020-10-02T09:48:14","slug":"bauhandwerk-s-r-o-teplice","status":"publish","type":"page","link":"https:\/\/www.bauhandwerk.cz\/domains\/bauhandwerk.cz\/","title":{"rendered":"Bauhandwerk"},"content":{"rendered":"\t\t<div data-elementor-type=\"wp-page\" data-elementor-id=\"19\" class=\"elementor elementor-19\" data-elementor-settings=\"[]\">\n\t\t\t\t\t\t<div class=\"elementor-inner\">\n\t\t\t\t\t\t\t<div class=\"elementor-section-wrap\">\n\t\t\t\t\t\t\t<section class=\"elementor-section elementor-top-section elementor-element elementor-element-f1d04f3 elementor-section-boxed elementor-section-height-default elementor-section-height-default\" data-id=\"f1d04f3\" data-element_type=\"section\" data-settings=\"{&quot;background_background&quot;:&quot;classic&quot;}\">\n\t\t\t\t\t\t<div class=\"elementor-container elementor-column-gap-default\">\n\t\t\t\t\t\t\t<div class=\"elementor-row\">\n\t\t\t\t\t<div class=\"elementor-column elementor-col-50 elementor-top-column elementor-element elementor-element-2396d6f\" data-id=\"2396d6f\" data-element_type=\"column\">\n\t\t\t<div class=\"elementor-column-wrap elementor-element-populated\">\n\t\t\t\t\t\t\t<div class=\"elementor-widget-wrap\">\n\t\t\t\t\t\t<div class=\"elementor-element elementor-element-d50173d elementor-widget elementor-widget-image\" data-id=\"d50173d\" data-element_type=\"widget\" data-widget_type=\"image.default\">\n\t\t\t\t<div class=\"elementor-widget-container\">\n\t\t\t\t\t<div class=\"elementor-image\">\n\t\t\t\t\t\t\t\t\t\t<img width=\"700\" height=\"476\" src=\"https:\/\/www.bauhandwerk.cz\/domains\/bauhandwerk.cz\/wp-content\/uploads\/2020\/09\/logo.jpg\" class=\"attachment-large size-large\" alt=\"\" loading=\"lazy\" srcset=\"https:\/\/www.bauhandwerk.cz\/domains\/bauhandwerk.cz\/wp-content\/uploads\/2020\/09\/logo.jpg 700w, https:\/\/www.bauhandwerk.cz\/domains\/bauhandwerk.cz\/wp-content\/uploads\/2020\/09\/logo-300x204.jpg 300w\" sizes=\"(max-width: 700px) 100vw, 700px\" \/>\t\t\t\t\t\t\t\t\t\t\t<\/div>\n\t\t\t\t<\/div>\n\t\t\t\t<\/div>\n\t\t\t\t\t\t<\/div>\n\t\t\t\t\t<\/div>\n\t\t<\/div>\n\t\t\t\t<div class=\"elementor-column elementor-col-50 elementor-top-column elementor-element elementor-element-098b69b\" data-id=\"098b69b\" data-element_type=\"column\">\n\t\t\t<div class=\"elementor-column-wrap elementor-element-populated\">\n\t\t\t\t\t\t\t<div class=\"elementor-widget-wrap\">\n\t\t\t\t\t\t<div class=\"elementor-element elementor-element-519956c elementor-widget elementor-widget-heading\" data-id=\"519956c\" data-element_type=\"widget\" data-widget_type=\"heading.default\">\n\t\t\t\t<div class=\"elementor-widget-container\">\n\t\t\t<h1 class=\"elementor-heading-title elementor-size-default\">Bauhandwerk s.r.o<br>\u010cesk\u00e1 stavebn\u00ed firma p\u016fsob\u00edc\u00ed p\u0159edev\u0161\u00edm na \u00fazem\u00ed N\u011bmecka a Holandska.<br><br>\n Prov\u00e1d\u00edme bourac\u00ed, v\u00fdkopov\u00e9, stavebn\u00ed a zednick\u00e9 pr\u00e1ce. Elektroinstalaci, s\u00e1drokartony, podlahy a dal\u0161\u00ed.<\/h1>\t\t<\/div>\n\t\t\t\t<\/div>\n\t\t\t\t\t\t<\/div>\n\t\t\t\t\t<\/div>\n\t\t<\/div>\n\t\t\t\t\t\t\t\t<\/div>\n\t\t\t\t\t<\/div>\n\t\t<\/section>\n\t\t\t\t\t\t<\/div>\n\t\t\t\t\t\t<\/div>\n\t\t\t\t\t<\/div>\n\t\t","protected":false},"excerpt":{"rendered":"<p>Bauhandwerk s.r.o\u010cesk\u00e1 stavebn\u00ed firma p\u016fsob\u00edc\u00ed p\u0159edev\u0161\u00edm na \u00fazem\u00ed N\u011bmecka a Holandska. Prov\u00e1d\u00edme bourac\u00ed, v\u00fdkopov\u00e9, stavebn\u00ed a zednick\u00e9 pr\u00e1ce. Elektroinstalaci, s\u00e1drokartony, podlahy a dal\u0161\u00ed.<\/p>\n","protected":false},"author":1,"featured_media":0,"parent":0,"menu_order":0,"comment_status":"closed","ping_status":"closed","template":"","meta":[],"yoast_head":"<!-- This site is optimized with the Yoast SEO plugin v15.0 - https:\/\/yoast.com\/wordpress\/plugins\/seo\/ -->\n<title>Bauhandwerk - Bauhandwerk s.r.o Teplice<\/title>\n<meta name=\"description\" content=\"Bauhandwerk s.r.o Teplice - je \u010desk\u00e1 stavebn\u00ed firma nach\u00e1zej\u00edc\u00ed se v Teplic\u00edch a p\u016fsob\u00edc\u00ed p\u0159edev\u0161\u00edm na \u00fazem\u00ed N\u011bmecka a Holandska.\" \/>\n<meta name=\"robots\" content=\"index, follow, max-snippet:-1, max-image-preview:large, max-video-preview:-1\" \/>\n<link rel=\"canonical\" href=\"http:\/\/www.bauhandwerk.cz\/domains\/bauhandwerk.cz\/\" \/>\n<meta property=\"og:locale\" content=\"cs_CZ\" \/>\n<meta property=\"og:type\" content=\"article\" \/>\n<meta property=\"og:title\" content=\"Bauhandwerk - Bauhandwerk s.r.o Teplice\" \/>\n<meta property=\"og:description\" content=\"Bauhandwerk s.r.o Teplice - je \u010desk\u00e1 stavebn\u00ed firma nach\u00e1zej\u00edc\u00ed se v Teplic\u00edch a p\u016fsob\u00edc\u00ed p\u0159edev\u0161\u00edm na \u00fazem\u00ed N\u011bmecka a Holandska.\" \/>\n<meta property=\"og:url\" content=\"http:\/\/www.bauhandwerk.cz\/domains\/bauhandwerk.cz\/\" \/>\n<meta property=\"og:site_name\" content=\"Bauhandwerk s.r.o\" \/>\n<meta property=\"article:publisher\" content=\"https:\/\/www.facebook.com\/bauhandwerk.sro.1\" \/>\n<meta property=\"article:modified_time\" content=\"2020-10-02T09:48:14+00:00\" \/>\n<meta property=\"og:image\" content=\"http:\/\/www.bauhandwerk.cz\/domains\/bauhandwerk.cz\/wp-content\/uploads\/2020\/09\/logo.jpg\" \/>\n<meta name=\"twitter:card\" content=\"summary_large_image\" \/>\n<script type=\"application\/ld+json\" class=\"yoast-schema-graph\">{\"@context\":\"https:\/\/schema.org\",\"@graph\":[{\"@type\":\"Organization\",\"@id\":\"https:\/\/www.bauhandwerk.cz\/domains\/bauhandwerk.cz\/#organization\",\"name\":\"Bauhandwerk s.r.o.\",\"url\":\"https:\/\/www.bauhandwerk.cz\/domains\/bauhandwerk.cz\/\",\"sameAs\":[\"https:\/\/www.facebook.com\/bauhandwerk.sro.1\"],\"logo\":{\"@type\":\"ImageObject\",\"@id\":\"https:\/\/www.bauhandwerk.cz\/domains\/bauhandwerk.cz\/#logo\",\"inLanguage\":\"cs\",\"url\":\"https:\/\/www.bauhandwerk.cz\/domains\/bauhandwerk.cz\/wp-content\/uploads\/2020\/09\/logo.jpg\",\"width\":700,\"height\":476,\"caption\":\"Bauhandwerk s.r.o.\"},\"image\":{\"@id\":\"https:\/\/www.bauhandwerk.cz\/domains\/bauhandwerk.cz\/#logo\"}},{\"@type\":\"WebSite\",\"@id\":\"https:\/\/www.bauhandwerk.cz\/domains\/bauhandwerk.cz\/#website\",\"url\":\"https:\/\/www.bauhandwerk.cz\/domains\/bauhandwerk.cz\/\",\"name\":\"Bauhandwerk s.r.o\",\"description\":\"Nab\\u00eddka pr\\u00e1ce v zahrani\\u010d\\u00ed\",\"publisher\":{\"@id\":\"https:\/\/www.bauhandwerk.cz\/domains\/bauhandwerk.cz\/#organization\"},\"potentialAction\":[{\"@type\":\"SearchAction\",\"target\":\"https:\/\/www.bauhandwerk.cz\/domains\/bauhandwerk.cz\/?s={search_term_string}\",\"query-input\":\"required name=search_term_string\"}],\"inLanguage\":\"cs\"},{\"@type\":\"ImageObject\",\"@id\":\"http:\/\/www.bauhandwerk.cz\/domains\/bauhandwerk.cz\/#primaryimage\",\"inLanguage\":\"cs\",\"url\":\"http:\/\/www.bauhandwerk.cz\/domains\/bauhandwerk.cz\/wp-content\/uploads\/2020\/09\/logo.jpg\"},{\"@type\":\"WebPage\",\"@id\":\"http:\/\/www.bauhandwerk.cz\/domains\/bauhandwerk.cz\/#webpage\",\"url\":\"http:\/\/www.bauhandwerk.cz\/domains\/bauhandwerk.cz\/\",\"name\":\"Bauhandwerk - Bauhandwerk s.r.o Teplice\",\"isPartOf\":{\"@id\":\"https:\/\/www.bauhandwerk.cz\/domains\/bauhandwerk.cz\/#website\"},\"primaryImageOfPage\":{\"@id\":\"http:\/\/www.bauhandwerk.cz\/domains\/bauhandwerk.cz\/#primaryimage\"},\"datePublished\":\"2020-07-16T12:28:30+00:00\",\"dateModified\":\"2020-10-02T09:48:14+00:00\",\"description\":\"Bauhandwerk s.r.o Teplice - je \\u010desk\\u00e1 stavebn\\u00ed firma nach\\u00e1zej\\u00edc\\u00ed se v Teplic\\u00edch a p\\u016fsob\\u00edc\\u00ed p\\u0159edev\\u0161\\u00edm na \\u00fazem\\u00ed N\\u011bmecka a Holandska.\",\"inLanguage\":\"cs\",\"potentialAction\":[{\"@type\":\"ReadAction\",\"target\":[\"http:\/\/www.bauhandwerk.cz\/domains\/bauhandwerk.cz\/\"]}]}]}<\/script>\n<!-- \/ Yoast SEO plugin. -->","_links":{"self":[{"href":"https:\/\/www.bauhandwerk.cz\/domains\/bauhandwerk.cz\/wp-json\/wp\/v2\/pages\/19"}],"collection":[{"href":"https:\/\/www.bauhandwerk.cz\/domains\/bauhandwerk.cz\/wp-json\/wp\/v2\/pages"}],"about":[{"href":"https:\/\/www.bauhandwerk.cz\/domains\/bauhandwerk.cz\/wp-json\/wp\/v2\/types\/page"}],"author":[{"embeddable":true,"href":"https:\/\/www.bauhandwerk.cz\/domains\/bauhandwerk.cz\/wp-json\/wp\/v2\/users\/1"}],"replies":[{"embeddable":true,"href":"https:\/\/www.bauhandwerk.cz\/domains\/bauhandwerk.cz\/wp-json\/wp\/v2\/comments?post=19"}],"version-history":[{"count":10,"href":"https:\/\/www.bauhandwerk.cz\/domains\/bauhandwerk.cz\/wp-json\/wp\/v2\/pages\/19\/revisions"}],"predecessor-version":[{"id":127,"href":"https:\/\/www.bauhandwerk.cz\/domains\/bauhandwerk.cz\/wp-json\/wp\/v2\/pages\/19\/revisions\/127"}],"wp:attachment":[{"href":"https:\/\/www.bauhandwerk.cz\/domains\/bauhandwerk.cz\/wp-json\/wp\/v2\/media?parent=19"}],"curies":[{"name":"wp","href":"https:\/\/api.w.org\/{rel}","templated":true}]}}